
Calculate the remainder when 171 is divided by 13.
2
Calculate the remainder when 1414 is divided by 103.
75
What is the remainder when 56 is divided by 6?
2
Calculate the remainder when 473 is divided by 156.
5
What is the remainder when 47 is divided by 13?
8
Calculate the remainder when 1736 is divided by 862.
12
What is the remainder when 960 is divided by 54?
42
Calculate the remainder when 57453 is divided by 432.
429
What is the remainder when 1198 is divided by 30?
28
What is the remainder when 27 is divided by 24?
3
What is the remainder when 1292 is divided by 144?
140
Calculate the remainder when 77 is divided by 10.
7
What is the remainder when 185 is divided by 63?
59
What is the remainder when 972 is divided by 486?
0
What is the remainder when 61 is divided by 9?
7
What is the remainder when 226 is divided by 58?
52
What is the remainder when 549 is divided by 5?
4
Calculate the remainder when 171 is divided by 43.
42
Calculate the remainder when 755 is divided by 187.
7
Calculate the remainder when 250 is divided by 21.
19
What is the remainder when 262 is divided by 5?
2
Calculate the remainder when 4723 is divided by 21.
19
What is the remainder when 4365 is divided by 112?
109
Calculate the remainder when 14833 is divided by 3.
1
What is the remainder when 56 is divided by 19?
18
Calculate the remainder when 178 is divided by 56.
10
What is the remainder when 197 is divided by 78?
41
Calculate the remainder when 105 is divided by 27.
24
What is the remainder when 516 is divided by 29?
23
What is the remainder when 1251 is divided by 11?
8
What is the remainder when 18091 is divided by 218?
215
Calculate the remainder when 70 is divided by 20.
10
Calculate the remainder when 803 is divided by 51.
38
Calculate the remainder when 305 is divided by 31.
26
Calculate the remainder when 23 is divided by 18.
5
Calculate the remainder when 152 is divided by 102.
50
What is the remainder when 736 is divided by 60?
16
Calculate the remainder when 192 is divided by 100.
92
Calculate the remainder when 2736 is divided by 83.
80
What is the remainder when 9855 is divided by 16?
15
What is the remainder when 87 is divided by 28?
3
Calculate the remainder when 1137 is divided by 15.
12
What is the remainder when 768 is divided by 25?
18
Calculate the remainder when 241 is divided by 95.
51
What is the remainder when 65 is divided by 26?
13
What is the remainder when 595 is divided by 217?
161
Calculate the remainder when 13 is divided by 9.
4
Calculate the remainder when 10420 is divided by 193.
191
What is the remainder when 198 is divided by 59?
21
What is the remainder when 322 is divided by 65?
62
Calculate the remainder when 1579 is divided by 1571.
8
What is the remainder when 347 is divided by 19?
5
Calculate the remainder when 254 is divided by 67.
53
Calculate the remainder when 84 is divided by 42.
0
What is the remainder when 1267 is divided by 27?
25
What is the remainder when 103 is divided by 46?
11
What is the remainder when 209 is divided by 30?
29
Calculate the remainder when 121 is divided by 58.
5
Calculate the remainder when 2374 is divided by 72.
70
Calculate the remainder when 490 is divided by 102.
82
Calculate the remainder when 433 is divided by 130.
43
What is the remainder when 153 is divided by 22?
21
Calculate the remainder when 2336 is divided by 1164.
8
Calculate the remainder when 10690 is divided by 54.
52
What is the remainder when 513 is divided by 12?
9
What is the remainder when 33400 is divided by 263?
262
Calculate the remainder when 744 is divided by 94.
86
Calculate the remainder when 95 is divided by 69.
26
What is the remainder when 316 is divided by 105?
1
Calculate the remainder when 173 is divided by 11.
8
Calculate the remainder when 578 is divided by 38.
8
What is the remainder when 1238 is divided by 409?
11
What is the remainder when 376 is divided by 63?
61
What is the remainder when 10519 is divided by 40?
39
Calculate the remainder when 1014 is divided by 127.
125
What is the remainder when 851 is divided by 38?
15
What is the remainder when 760 is divided by 17?
12
What is the remainder when 94 is divided by 10?
4
What is the remainder when 482 is divided by 171?
140
Calculate the remainder when 1562 is divided by 41.
4
What is the remainder when 62 is divided by 16?
14
Calculate the remainder when 24 is divided by 5.
4
What is the remainder when 3890 is divided by 648?
2
What is the remainder when 1519 is divided by 110?
89
What is the remainder when 51 is divided by 19?
13
What is the remainder when 134 is divided by 23?
19
What is the remainder when 13493 is divided by 173?
172
Calculate the remainder when 271 is divided by 256.
15
What is the remainder when 253 is divided by 61?
9
What is the remainder when 1098 is divided by 50?
48
Calculate the remainder when 40 is divided by 7.
5
What is the remainder when 468 is divided by 95?
88
What is the remainder when 185 is divided by 82?
21
What is the remainder when 740 is divided by 8?
4
Calculate the remainder when 132 is divided by 27.
24
What is the remainder when 299 is divided by 81?
56
Calculate the remainder when 156 is divided by 54.
48
What is the remainder when 2651 is divided by 51?
50
Calculate the remainder when 138 is divided by 42.
12
What is the remainder when 119 is divided by 43?
33
Calculate the remainder when 555 is divided by 81.
69
What is the remainder when 878 is divided by 15?
8
Calculate the remainder when 347 is divided by 159.
29
Calculate the remainder when 1064 is divided by 13.
11
What is the remainder when 807 is divided by 36?
15
Calculate the remainder when 145 is divided by 21.
19
Calculate the remainder when 30 is divided by 10.
0
Calculate the remainder when 101 is divided by 16.
5
Calculate the remainder when 48 is divided by 27.
21
What is the remainder when 223 is divided by 15?
13
What is the remainder when 70 is divided by 67?
3
What is the remainder when 82 is divided by 21?
19
Calculate the remainder when 130 is divided by 52.
26
What is the remainder when 60 is divided by 15?
0
Calculate the remainder when 38 is divided by 5.
3
What is the remainder when 23 is divided by 9?
5
Calculate the remainder when 1007 is divided by 23.
18
What is the remainder when 103 is divided by 3?
1
Calculate the remainder when 131 is divided by 64.
3
Calculate the remainder when 1841 is divided by 21.
14
What is the remainder when 167 is divided by 37?
19
Calculate the remainder when 2231 is divided by 43.
38
What is the remainder when 8330 is divided by 22?
14
What is the remainder when 2744 is divided by 15?
14
Calculate the remainder when 355 is divided by 90.
85
Calculate the remainder when 2265 is divided by 126.
123
Calculate the remainder when 15657 is divided by 45.
42
Calculate the remainder when 24 is divided by 13.
11
What is the remainder when 94 is divided by 48?
46
Calculate the remainder when 328 is divided by 22.
20
Calculate the remainder when 13 is divided by 11.
2
What is the remainder when 139 is divided by 129?
10
What is the remainder when 954 is divided by 204?
138
Calculate the remainder when 1981 is divided by 32.
29
What is the remainder when 81 is divided by 30?
21
Calculate the remainder when 1221 is divided by 94.
93
Calculate the remainder when 391 is divided by 33.
28
What is the remainder when 29047 is divided by 14?
11
Calculate the remainder when 154 is divided by 16.
10
Calculate the remainder when 284 is divided by 18.
14
What is the remainder when 14 is divided by 6?
2
What is the remainder when 2003 is divided by 33?
23
What is the remainder when 744 is divided by 25?
19
Calculate the remainder when 4107 is divided by 10.
7
Calculate the remainder when 2750 is divided by 64.
62
Calculate the remainder when 722 is divided by 18.
2
Calculate the remainder when 87 is divided by 18.
15
What is the remainder when 1066 is divided by 11?
10
Calculate the remainder when 153 is divided by 41.
30
Calculate the remainder when 1496 is divided by 99.
11
Calculate the remainder when 480 is divided by 41.
29
Calculate the remainder when 2250 is divided by 46.
42
Calculate the remainder when 730 is divided by 83.
66
Calculate the remainder when 249 is divided by 127.
122
Calculate the 